it of 131760862?
2
What is the hundred millions digit of 100280536?
1
What is the units digit of 79456864?
4
What is the thousands digit of 263345672?
5
What is the tens digit of 66800465?
6
What is the hundred thousands digit of 8150092?
1
What is the ten thousands digit of 489428916?
2
What is the thousands digit of 61295544?
5
What is the hundred thousands digit of 659385869?
3
What is the ten millions digit of 398865548?
9
What is the ten thousands digit of 1067034277?
3
What is the units digit of 1047368518?
8
What is the thousands digit of 1056866167?
6
What is the millions digit of 493095911?
3
What is the thousands digit of 532401383?
1
What is the ten thousands digit of 17651780?
5
What is the billions digit of 1403944795?
1
What is the millions digit of 103511318?
3
What is the units digit of 555835225?
5
What is the hundreds digit of 577236386?
3
What is the thousands digit of 430911083?
1
What is the hundred millions digit of 231293757?
2
What is the hundred thousands digit of 28036862?
0
What is the tens digit of 1619201378?
7
What is the tens digit of 51881750?
5
What is the tens digit of 23231940?
4
What is the tens digit of 37093944?
4
What is the ten millions digit of 1268242428?
6
What is the hundred thousands digit of 118519124?
5
What is the tens digit of 5174115574?
7
What is the hundred millions digit of 2309720058?
3
What is the ten millions digit of 44663958?
4
What is the units digit of 16272286?
6
What is the hundreds digit of 5178222652?
6
What is the tens digit of 301611923?
2
What is the tens digit of 195329481?
8
What is the hundred thousands digit of 3014899380?
8
What is the millions digit of 1590856445?
0
What is the units digit of 463871616?
6
What is the hundred millions digit of 2887377236?
8
What is the units digit of 99114041?
1
What is the thousands digit of 18973480?
3
What is the hundred thousands digit of 3271610011?
6
What is the hundred thousands digit of 1569930652?
9
What is the hundred millions digit of 234094491?
2
What is the ten thousands digit of 39249401?
4
What is the units digit of 356937185?
5
What is the thousands digit of 7740379?
0
What is the ten thousands digit of 1202952811?
5
What is the hundreds digit of 114337147?
1
What is the units digit of 127203720?
0
What is the millions digit of 297746885?
7
What is the units digit of 33975051?
1
What is the hundred millions digit of 3970081820?
9
What is the units digit of 3211479171?
1
What is the millions digit of 397228455?
7
What is the thousands digit of 314051157?
1
What is the hundred millions digit of 811080356?
8
What is the billions digit of 1068898029?
1
What is the ten millions digit of 25199413?
2
What is the billions digit of 3586270290?
3
What is the millions digit of 34749012?
4
What is the hundreds digit of 94169663?
6
What is the ten millions digit of 2087352342?
8
What is the thousands digit of 28717234?
7
What is the units digit of 15702082?
2
What is the hundred thousands digit of 15928610?
9
What is the ten millions digit of 4520939486?
2
What is the units digit of 1452417679?
9
What is the tens digit of 651180098?
9
What is the thousands digit of 21365721?
5
What is the ten millions digit of 191262701?
9
What is the units digit of 1631629346?
6
What is the ten millions digit of 31487220?
3
What is the thousands digit of 1250545?
0
What is the thousands digit of 373568494?
8
What is the millions digit of 437957127?
7
What is the tens digit of 31684561?
6
What is the units digit of 1980255959?
9
What is the ten millions digit of 44662913?
4
What is the ten millions digit of 3146423364?
4
What is the hundred thousands digit of 104813314?
8
What is the thousands digit of 272003163?
3
What is the hundreds digit of 199618778?
7
What is the millions digit of 1327498822?
7
What is the millions digit of 229230928?
9
What is the hundreds digit of 3055098006?
0
What is the tens digit of 35120107?
0
What is the hundreds digit of 154165122?
1
What is the hundreds digit of 4654844065?
0
What is the millions digit of 11968781?
1
What is the billions digit of 4549618989?
4
What is the units digit of 887914747?
7
What is the millions digit of 24831622?
4
What is the ten millions digit of 288879445?
8
What is the units digit of 174660625?
5
What is the ten thousands digit of 520307792?
0
What is the millions digit of 48998949?
8
What is the millions digit of 494256691?
4
What is the millions digit of 23636310?
3
What is the billions digit of 1559370602?
1
What is the millions digit of 15528201?
5
What is the ten millions digit of 3194339962?
9
What is the ten thousands digit of 224611169?
1
What is the thousands digit of 1426678513?
8
What is the ten thousands digit of 8111970796?
7
What is the ten millions digit of 59244380?
5
What is the hundreds digit of 570592808?
8
What is the thousands digit of 4604745190?
5
What is the ten millions digit of 1087186319?
8
What is the thousands digit of 30051218?
1
What is the hundred millions digit of 179380279?
1
What is the tens digit of 276524826?
2
What is the hundred thousands digit of 447445121?
4
What is the ten thousands digit of 145486376?
8
What is the millions digit of 121981020?
1
What is the millions digit of 258419722?
8
What is the hundred thousands digit of 1155637269?
6
What is the thousands digit of 199044472?
4
What is the units digit of 126043549?
9
What is the hundreds digit of 151666341?
3
What is the millions digit of 2057565768?
7
What is the units digit of 23836475?
5
What is the ten millions digit of 93562794?
9
What is the ten millions digit of 59586625?
5
What is the units digit of 1519070266?
6
What is the ten millions digit of 34698958?
3
What is the ten thousands digit of 1022361581?
6
What is the hundreds digit of 31426026?
0
What is the hundred thousands digit of 59855083?
8
What is the ten thousands digit of 505435861?
3
What is the ten thousands digit of 96009369?
0
What is the hundred millions digit of 129318288?
1
What is the ten thousands digit of 135914995?
1
What is the tens digit of 43640207?
0
What is the thousands digit of 5190740564?
0
What is the hundred thousands digit of 41602496?
6
What is the hundreds digit of 88123495?
4
What is the ten thousands digit of 200613688?
1
What is the ten millions digit of 53232201?
5
What is the ten millions digit of 24707493?
2
What is the hundred thousands digit of 1258148588?
1
What is the thousands digit of 102431276?
1
What is the ten thousands digit of 33351027?
5
What is the thousands digit of 74126862?
6
What is the hundreds digit of 80051510?
5
What is the ten millions digit of 680664958?
8
What is the hundred thousands digit of 179339571?
3
What is the thousands digit of 196779158?
9
What is the units digit of 907996947?
7
What is the millions digit of 68554927?
8
What is the hundred millions digit of 335131958?
3
What is the units digit of 342159991?
1
What is the millions digit of 50253760?
0
What is the thousands digit of 68658225?
8
What is the hundred thousands digit of 3635251?
6
What is the hundred thousands digit of 20561974?
5
What is the hundreds digit of 2741386067?
0
What is the millions digit of 8634440?
8
What is the hundred thousands digit of 87011549?
0
What is the tens digit of 12919474?
7
What is the hundred thousands digit of 8341021177?
0
What is the hundreds digit of 77746805?
8
What is the millions digit of 1281747781?
1
What is the billions digit of 1638402045?
1
What is the hundreds digit of 86290748?
7
What is the hundreds digit of 1876754702?
7
What is the ten thousands digit of 247799827?
9
What is the tens digit of 186421429?
2
What is the units digit of 78324554?
4
What is the hundred millions digit of 589893386?
5
What is the ten thousands digit of 1539586713?
8
What is the units digit of 542802442?
2
What is the ten millions digit of 1374027184?
7
What is the units digit of 912022188?
8
What is the billions digit of 3189441231?
3
What is the units digit of 2846411362?
2
What is the hundred thousands digit of 228041729?
0
What is the ten millions digit of 68003577?
6
What is the millions digit of 2755448209?
5
What is the tens digit of 39120947?
4
What is the hundred millions digit of 525059942?
5
What is the thousands digit of 1248591451?
1
What is the units digit of 34723